{"id":1044,"date":"2024-03-16T18:26:08","date_gmt":"2024-03-16T17:26:08","guid":{"rendered":"https:\/\/studiareoggi.it\/?page_id=1044"},"modified":"2024-03-16T18:26:43","modified_gmt":"2024-03-16T17:26:43","slug":"ds-nelle-scuole","status":"publish","type":"page","link":"https:\/\/www.studiareoggi.it\/?page_id=1044","title":{"rendered":"Digital Signage Nelle Scuole"},"content":{"rendered":"<div  data-id=\"initial-content-section\" data-export-id=\"initial-content-section\" data-label=\"Initial Content\" id=\"initial-content-section\" class=\"content-section content-section-spacing\">\n   <div  class=\"gridContainer\">\n     <div  class=\"row\">\n\n        <div  class=\"col-xs-12 col-sm-12\">                <div  data-label=\"About\" data-id=\"about--1\" data-export-id=\"about-1\" data-category=\"about\" class=\"about-1 content-section\" id=\"about-1\" style=\"background-color: rgb(245, 250, 253);\">\n<div  class=\"gridContainer\">\n<div  class=\"row text-center\">\n<div  class=\"section-title-col\" data-type=\"column\">\n<h2  class=\"\">L&#8217;importanza del Digital Signage!<\/h2>\n<\/div>\n<\/div>\n<div  class=\"row\">\n<div  class=\"button-holder space-bottom space-bottom-small\" data-type=\"column\">\n<p  class=\"\">Gli smartphone sono diventati una parte inseparabile della nostra vita quotidiana, anche per gli studenti. Ma di fatto se pur utili, la ricerca ha dimostrato che loro uso in classe ha un impatto negativo sul rendimento. I ragazzi si distraggono facilmente, l&#8217;interazione diretta si riduce e di contraltare creano un aumentano oggettivo di cyberbullismo.<br >\nIn risposta a questi problemi oggettivi, sempre pi\u00f9 diffusi, il governo olandese ha deciso di vietare l&#8217;uso dei telefoni cellulari nelle aule delle scuole superiori a partire dal 1\u00b0 gennaio 2024. Di fatto troncando anche gli aspetti positivi di un\u2019informazione istantanea e propositiva. Quindi le scuole in assunzione della responsabilit\u00e0 generale dovranno aiutare gli studenti a raccogliere informazioni se il loro principale strumento di comunicazione viene meno.<br >\nUna risposta efficace, nelle funzioni e nei contenuti \u00e8 di sicuro la segnaletica digitale.<\/p>\n<\/div>\n<div  class=\"col-xs bottom-xs flexbox image-group-bottom-3-img space-bottom-xs center-xs\"> <img  decoding=\"async\" class=\"left-img shadow-large-black\" data-size=\"500x300\" src=\"http:\/\/studiareoggi.it\/wp-content\/uploads\/2024\/03\/cropped-DS-school-4.png\" title=\"cropped-DS-school-4.png\" alt=\"\"> <img  decoding=\"async\" class=\"center-img shadow-large-black\" data-size=\"500x300\" src=\"http:\/\/studiareoggi.it\/wp-content\/uploads\/2024\/03\/cropped-cropped-DS-school-2.png\" title=\"cropped-cropped-DS-school-2.png\" alt=\"\"> <img  decoding=\"async\" class=\"right-img shadow-large-black\" data-size=\"500x300\" src=\"http:\/\/studiareoggi.it\/wp-content\/uploads\/2024\/03\/cropped-th.jpg\" title=\"cropped-th.jpg\" alt=\"\"><\/div>\n<\/div>\n<\/div><\/div>\n<div  data-label=\"Features\" data-id=\"features--1\" data-export-id=\"features-12-card-bordered\" data-category=\"features\" class=\"features-12-card-bordered content-section content-section-spacing \" id=\"features-1\" style=\"background-color: rgb(255, 255, 255);\">\n<div  class=\"gridContainer\">\n<div  data-section-title-area=\"true\" class=\"row text-center\">\n<div  class=\"section-title-col\" data-type=\"column\">\n<h2  class=\"\">Features<\/h2>\n<\/div>\n<\/div>\n<div  class=\"row spaced-cols\" data-type=\"row\">\n<div  class=\"col-sm-6 col-md-4 \">\n<div  class=\"card row-card bordered y-move\">\n<div  class=\"row\">\n<div  class=\"col-sm-fit icon-column\"> <i  class=\"fa icon fa-connectdevelop round bordered color2\"><\/i> <\/div>\n<div  class=\"col-sm\" data-type=\"column\">\n<h5  class=\"color2\">L&#8217;utilit\u00e0 del Digital Signage nelle scuole<\/h5>\n<p  class=\"\">Di fatto Il Digital Signage \u00e8 una rete di display che pu\u00f2 essere assoggettata a un network locale (TV di prossimit\u00e0) utilizzabile per la trasmissione di informazioni e comunicazioni referenziata nel luogo e nel contesto temporale. Implementando soluzioni di Digital Signage nelle infrastrutture scolastiche, gli alunni possono essere informati su un&#8217;ampia gamma di argomenti senza la necessit\u00e0 di un telefono cellulare affidabile. Inoltre, la segnaletica digitale pu\u00f2 contribuire a migliorare la comunicazione, il coinvolgimento e le operazioni scolastiche in generale, sia per gli alunni che per il personale.<\/p>\n<\/div><\/div>\n<\/div><\/div>\n<div  class=\"col-sm-6 col-md-4 \">\n<div  class=\"card row-card bordered y-move\">\n<div  class=\"row\">\n<div  class=\"col-sm-fit icon-column\"> <i  class=\"fa icon fa-codepen round bordered color2\"><\/i> <\/div>\n<div  class=\"col-sm\" data-type=\"column\">\n<h5  class=\"color2\">Cambiamento di programma<\/h5>\n<p  class=\"\">I cambiamenti di programma sono inevitabili in qualsiasi organizzazione. Soprattutto nelle istituzioni educative come le scuole, le attivit\u00e0 amministrative sono sempre pi\u00f9 frenetiche. Cancellazioni di lezioni, cambi di aula e sostituzioni di insegnanti sono tutte informazioni che gli studenti vogliono conoscere prima dell&#8217;inizio delle lezioni. Tali informazioni possono essere visualizzate sulla segnaletica digitale in tutta la scuola, affinch\u00e9 tutti possano vederle.<\/p>\n<\/div><\/div>\n<\/div><\/div>\n<div  class=\"col-sm-6 col-md-4 \">\n<div  class=\"card row-card bordered y-move\">\n<div  class=\"row\">\n<div  class=\"col-sm-fit icon-column\"> <i  class=\"fa icon fa-cube round bordered color2\"><\/i> <\/div>\n<div  class=\"col-sm\" data-type=\"column\">\n<h5  class=\"color2\">Informazioni sul trasporto pubblico<\/h5>\n<p  class=\"\">Molti discenti fanno uso di mezzi pubblici, che per natura sono soggetti a cambi di orari e ritardi. Poter rappresentare attraverso un widget dedicato gli orari live di autobus, metropolitane, tram e treni, risulta un servizio utile ed efficace.<\/p>\n<\/div><\/div>\n<\/div><\/div>\n<div  class=\"col-sm-6 col-md-4\">\n<div  class=\"card row-card bordered y-move\">\n<div  class=\"row\">\n<div  class=\"col-sm-fit icon-column\"> <i  class=\"fa icon fa-area-chart bordered round color2\"><\/i> <\/div>\n<div  class=\"col-sm\" data-type=\"column\">\n<h5  class=\"color2\">Mensa\/caffetteria.<\/h5>\n<p  class=\"\">La segnaletica digitale pu\u00f2 essere utilizzata anche per visualizzare altri elementi, come i menu della mensa scolastica. Non c&#8217;\u00e8 bisogno di acquistare nuovi pannelli per i menu o di regolarli manualmente quando i menu cambiano o gli articoli sono esauriti. Basta modificare il contenuto e il gioco \u00e8 fatto.<\/p>\n<\/div><\/div>\n<\/div><\/div>\n<div  class=\"col-sm-6 col-md-4\">\n<div  class=\"card row-card bordered y-move\">\n<div  class=\"row\">\n<div  class=\"col-sm-fit icon-column\"> <i  class=\"fa icon fa-clipboard bordered round color2\"><\/i> <\/div>\n<div  class=\"col-sm\" data-type=\"column\">\n<h5  class=\"color2\">Calendario degli eventi<\/h5>\n<p  class=\"\">Naturalmente, lo scopo principale di una scuola \u00e8 quello di fornire un&#8217;istruzione ai propri alunni. Ma fortunatamente la maggior parte delle scuole cerca di trovare occasioni per intrattenere i propri alunni. Tra queste, le gare di ballo, gli eventi di raccolta fondi e le giornate sportive. Tuttavia, ci sono anche giorni importanti al di fuori della scuola, come le vacanze per tutti gli alunni e il personale, compresi quelli di culture diverse. \u00c8 una buona idea affiggere questi eventi sui calendari della scuola per sensibilizzare e mettere in contatto tutti gli alunni.<\/p>\n<\/div><\/div>\n<\/div><\/div>\n<div  class=\"col-sm-6 col-md-4\">\n<div  class=\"card row-card bordered y-move\">\n<div  class=\"row\">\n<div  class=\"col-sm-fit icon-column\"> <i  class=\"fa icon fa-refresh bordered round color2\"><\/i> <\/div>\n<div  class=\"col-sm\" data-type=\"column\">\n<h5  class=\"color2\">Contenuto informativo<\/h5>\n<p  class=\"\">Un altro uso del digital signage \u00e8 quello di trasmettere informazioni interessanti, come annunci scolastici, notizie locali o previsioni del tempo. Questo tipo di contenuti \u00e8 utile in diverse situazioni e rappresenta un gradito cambio di informazioni. Tuttavia, oltre a grafici e testi, \u00e8 possibile visualizzare anche foto e video relativi a questioni scolastiche importanti, come progetti aziendali, gite scolastiche e altre attivit\u00e0.<\/p>\n<\/div><\/div>\n<\/div><\/div>\n<div  class=\"col-sm-6 col-md-4\">\n<div  class=\"card row-card bordered y-move\">\n<div  class=\"row\">\n<div  class=\"col-sm-fit icon-column\"> <i  class=\"fa icon fa-connectdevelop round bordered color2\"><\/i> <\/div>\n<div  class=\"col-sm\" data-type=\"column\">\n<h5  class=\"color2\">Emergenze<\/h5>\n<p  class=\"\">In caso di emergenza, tutti devono ricevere le informazioni giuste nel pi\u00f9 breve tempo possibile. Le persone devono sapere cosa devono fare per uscire dalla situazione in modo sicuro. Con una soluzione di digital, tutti i display possono essere utilizzati per comunicare questo tipo di informazioni a tutti coloro che si trovano nell&#8217;edificio e nelle vicinanze.<\/p>\n<\/div><\/div>\n<\/div><\/div><div  class=\"col-sm-6 col-md-4\">\n<div  class=\"card row-card bordered y-move\">\n<div  class=\"row\">\n<div  class=\"col-sm-fit icon-column\"> <i  class=\"fa icon fa-connectdevelop round bordered color2\"><\/i> <\/div>\n<div  class=\"col-sm\" data-type=\"column\">\n<h5  class=\"color2\">Docenti<\/h5>\n<p  class=\"\">\u00c8 palesemente naturale, comprendere che le informazioni veicolate attraverso la segnaletica digitale, non utili solo agli alunni. Possono essere veicolate in luoghi e in display precisi anche informazioni riservate agli insegnanti o pi\u00f9 genericamente ai dipendenti delle strutture.<\/p>\n<\/div><\/div>\n<\/div><\/div><div  class=\"col-sm-6 col-md-4\">\n<div  class=\"card row-card bordered y-move\">\n<div  class=\"row\">\n<div  class=\"col-sm-fit icon-column\"> <i  class=\"fa icon fa-connectdevelop round bordered color2\"><\/i> <\/div>\n<div  class=\"col-sm\" data-type=\"column\">\n<h5  class=\"color2\">Offerte di lavoro<\/h5>\n<p  class=\"\">Di fatto Il Digital Signage \u00e8 una rete di La segnaletica digitale pu\u00f2 essere utilizzata per visualizzare le offerte di lavoro in corso in ambienti appropriati, come le mense degli insegnanti. In questo modo, gli insegnanti possono essere meglio informati sulle posizioni aperte e possono contribuire alla loro copertura reclutando persone dalla propria rete.<\/p>\n<\/div><\/div>\n<\/div><\/div><div  class=\"col-sm-6 col-md-4\">\n<div  class=\"card row-card bordered y-move\">\n<div  class=\"row\">\n<div  class=\"col-sm-fit icon-column\"> <i  class=\"fa icon fa-connectdevelop round bordered color2\"><\/i> <\/div>\n<div  class=\"col-sm\" data-type=\"column\">\n<h5  class=\"color2\">Incontri<\/h5>\n<p  class=\"\">Informazioni sulle riunioni tra docenti, facolt\u00e0 e dipartimenti, possono essere un aspetto propedeutico per la qualit\u00e0 e l\u2019efficienza delle stesse. I dettagli (e ulteriori indicazioni) possono essere visualizzati per garantire che tutti si trovino nel contesto giusto e nel momento giusto.<\/p>\n<\/div><\/div>\n<\/div><\/div><\/div><\/div>\n<\/div>\n\n          <\/div>\n      <\/div>\n  <\/div>\n<\/div>","protected":false},"excerpt":{"rendered":"<p>L&#8217;importanza del Digital Signage! Gli smartphone sono diventati una parte inseparabile della nostra vita quotidiana, anche per gli studenti. Ma di fatto se pur utili, la ricerca ha dimostrato che loro uso in classe ha un impatto negativo sul rendimento. I ragazzi si distraggono facilmente, l&#8217;interazione diretta si riduce e di contraltare creano un aumentano&hellip; <br \/> <a class=\"read-more\" href=\"https:\/\/www.studiareoggi.it\/?page_id=1044\">Leggi tutto<\/a><\/p>\n","protected":false},"author":1,"featured_media":0,"parent":0,"menu_order":0,"comment_status":"closed","ping_status":"closed","template":"pro\/page-templates\/full-width-page.php","meta":{"footnotes":""},"class_list":["post-1044","page","type-page","status-publish","hentry"],"_links":{"self":[{"href":"https:\/\/www.studiareoggi.it\/index.php?rest_route=\/wp\/v2\/pages\/1044","targetHints":{"allow":["GET"]}}],"collection":[{"href":"https:\/\/www.studiareoggi.it\/index.php?rest_route=\/wp\/v2\/pages"}],"about":[{"href":"https:\/\/www.studiareoggi.it\/index.php?rest_route=\/wp\/v2\/types\/page"}],"author":[{"embeddable":true,"href":"https:\/\/www.studiareoggi.it\/index.php?rest_route=\/wp\/v2\/users\/1"}],"replies":[{"embeddable":true,"href":"https:\/\/www.studiareoggi.it\/index.php?rest_route=%2Fwp%2Fv2%2Fcomments&post=1044"}],"version-history":[{"count":4,"href":"https:\/\/www.studiareoggi.it\/index.php?rest_route=\/wp\/v2\/pages\/1044\/revisions"}],"predecessor-version":[{"id":1060,"href":"https:\/\/www.studiareoggi.it\/index.php?rest_route=\/wp\/v2\/pages\/1044\/revisions\/1060"}],"wp:attachment":[{"href":"https:\/\/www.studiareoggi.it\/index.php?rest_route=%2Fwp%2Fv2%2Fmedia&parent=1044"}],"curies":[{"name":"wp","href":"https:\/\/api.w.org\/{rel}","templated":true}]}}